 and 7792262?
122
What is the greatest common divisor of 12028 and 36241108?
124
What is the highest common divisor of 14 and 16298?
2
What is the greatest common factor of 28 and 1575858844?
28
What is the greatest common divisor of 1768062 and 429711?
1893
What is the highest common factor of 8904061 and 9944?
113
Calculate the highest common divisor of 4416 and 3340608.
192
Calculate the highest common factor of 3451448 and 308.
308
Calculate the greatest common factor of 41498 and 136.
2
What is the highest common factor of 393 and 84435657?
393
What is the highest common factor of 711 and 484821?
9
What is the greatest common divisor of 100894 and 42823714?
1654
Calculate the highest common divisor of 40284 and 180.
36
Calculate the highest common divisor of 25878 and 20520.
114
What is the highest common divisor of 5874992 and 8?
8
Calculate the highest common factor of 365 and 74220.
5
Calculate the greatest common divisor of 408768048 and 2301.
2301
What is the greatest common factor of 85 and 228182313?
17
Calculate the highest common divisor of 1671228 and 21541.
13
What is the highest common factor of 9108936 and 828?
36
Calculate the greatest common factor of 1677 and 20960264.
559
Calculate the greatest common divisor of 23 and 1341231499.
23
Calculate the highest common factor of 1210 and 1453480.
10
What is the highest common factor of 2311875 and 108?
27
What is the highest common factor of 292252755 and 1455?
1455
What is the greatest common factor of 1229014 and 5370?
358
Calculate the greatest common divisor of 154 and 7815280.
22
What is the highest common divisor of 714 and 84404376?
42
Calculate the greatest common divisor of 3741052 and 2940.
196
What is the highest common factor of 6475 and 552965?
1295
Calculate the greatest common factor of 4319888 and 12.
4
What is the highest common divisor of 55338 and 4644?
6
What is the greatest common factor of 6916509 and 2394?
9
What is the greatest common divisor of 3522230 and 12410?
170
What is the greatest common divisor of 33506651 and 22209?
673
Calculate the greatest common factor of 151587597 and 126.
21
Calculate the highest common factor of 4956 and 1430268.
84
What is the greatest common divisor of 312 and 63891048?
312
Calculate the highest common factor of 4534496 and 136.
8
Calculate the greatest common divisor of 303 and 72402557.
101
What is the highest common factor of 14596 and 20872636?
356
What is the greatest common factor of 5918948 and 3014?
274
What is the highest common divisor of 28 and 583331?
7
Calculate the highest common divisor of 19418 and 14798.
14
Calculate the greatest common divisor of 33030 and 90540.
90
Calculate the highest common divisor of 1067912 and 160.
8
Calculate the greatest common factor of 17553 and 6045.
3
What is the highest common factor of 21045 and 1575935?
305
Calculate the greatest common factor of 41817060 and 270.
270
Calculate the highest common factor of 107890 and 80.
10
Calculate the greatest common factor of 99613 and 12851.
71
What is the greatest common factor of 54728075 and 2603?
2603
What is the greatest common factor of 35 and 7767340?
35
Calculate the highest common divisor of 27919349 and 6364.
37
What is the highest common factor of 40965865 and 15?
5
What is the highest common factor of 28 and 964194392?
28
What is the highest common factor of 718992 and 10928?
16
Calculate the greatest common divisor of 18312396 and 2076.
2076
Calculate the highest common divisor of 6744335 and 861935.
4085
Calculate the highest common factor of 347208 and 189516.
204
What is the highest common factor of 63 and 5001354?
9
What is the greatest common factor of 441418890 and 7260?
3630
Calculate the highest common divisor of 1040598 and 73125.
117
Calculate the greatest common divisor of 48103949 and 873.
97
Calculate the greatest common factor of 351 and 5581170.
27
What is the highest common factor of 5490 and 6572628?
1098
What is the highest common divisor of 3441933 and 25839?
891
Calculate the greatest common factor of 930900 and 115020.
60
What is the highest common factor of 1085 and 344886005?
155
Calculate the greatest common divisor of 11040449 and 4382.
2191
Calculate the highest common factor of 2194830 and 792.
198
Calculate the highest common divisor of 153258 and 980269.
41
What is the greatest common divisor of 16452 and 45675?
9
What is the highest common factor of 539061215 and 385?
385
What is the greatest common factor of 5800 and 33728450?
1450
What is the highest common factor of 400 and 1125811300?
100
What is the greatest common factor of 2389295 and 3440?
215
Calculate the greatest common factor of 111378 and 3401.
19
What is the highest common divisor of 7408 and 443984?
16
Calculate the highest common factor of 8715725 and 200.
25
Calculate the greatest common factor of 228 and 728983374.
114
What is the highest common divisor of 19677213 and 385641?
4761
What is the greatest common factor of 6453 and 4094787?
717
What is the greatest common factor of 5640 and 49365?
15
What is the highest common divisor of 2066000 and 58250?
250
What is the greatest common divisor of 101083 and 326002?
373
What is the greatest common divisor of 3971676 and 867?
51
What is the greatest common factor of 5575 and 83329525?
5575
Calculate the highest common factor of 4855358 and 378.
2
Calculate the highest common divisor of 23847464 and 16.
8
Calculate the highest common divisor of 187 and 99059.
17
Calculate the greatest common divisor of 720 and 1008660.
60
Calculate the greatest common divisor of 9101509 and 3.
1
Calculate the greatest common factor of 96 and 719324768.
32
Calculate the greatest common factor of 140424 and 60.
12
Calculate the greatest common factor of 20 and 166575455.
5
What is the greatest common divisor of 5911468 and 7310?
86
Calculate the greatest common divisor of 24768 and 4092224.
2752
What is the greatest common divisor of 175 and 317443?
7
What is the greatest common divisor of 1567579 and 80327?
481
Calculate the highest common divisor of 326136368 and 1488.
496
What is the highest common divisor of 2499 and 2244144?
21
Calculate the highest common divisor of 1803508 and 5740.
1148
Calculate the highest common factor of 48974350 and 25.
25
What is the highest common factor of 7834 and 160044703?
3917
Calculate the greatest common factor of 2050943 and 3075.
41
What is the highest common divisor of 569596 and 2512?
628
Calculate the greatest common divisor of 115599 and 1963940.
1243
Calculate the highest common divisor of 1515 and 3273309.
303
What is the greatest common divisor of 13576 and 500978158?
3394
What is the greatest common divisor of 25866 and 64017?
27
Calculate the greatest common divisor of 3972968 and 1156.
68
What is the highest common divisor of 5911337 and 3610?
19
What is the highest common divisor of 7 and 649586161?
7
What is the highest common factor of 8509 and 845185?
127
What is the greatest common divisor of 61666018 and 48901?
619
Calculate the highest common factor of 558 and 14120872.
62
What is the highest common divisor of 14445981 and 891?
99
What is the highest common divisor of 1204 and 11390528?
172
Calculate the greatest common factor of 133 and 8953731.
19
What is the highest common factor of 14267063 and 1241?
17
What is the greatest common factor of 1278 and 15975?
639
Calculate the greatest common divisor of 56 and 7556486.
14
Calculate the greatest common factor of 87 and 23909079.
87
Calculate the greatest common factor of 188 and 296587108.
188
What is the greatest common factor of 78590296 and 148632?
4504
Calculate the greatest common divisor of 60267354 and 3990.
798
Calculate the greatest common divisor of 1541 and 258461143.
1541
What is the greatest common divisor of 269945 and 1035?
5
What is the greatest common divisor of 99 and 176667?
3
What is the greatest common divisor of 1711 and 630373?
29
What is the greatest common divisor of 19164 and 116556?
12
Calculate the highest common factor of 8835204 and 14980.
2996
What is the greatest common factor of 492597 and 60417?
441
What is the highest common divisor of 277056 and 9558?
18
What is the greatest common factor of 637 and 11960767?
91
What is the greatest common divisor 